s the highest common factor of k and 54?
18
Let j(y) = -2*y - 16. Let o be j(-11). Calculate the greatest common factor of o and 6.
6
Suppose 2*o = 5*o - 84. Suppose -3*z - 4 = -4*w + z, -o = -4*w - 4*z. Let u = -3 + w. Calculate the highest common divisor of u and 8.
1
Let c = 10 + -5. What is the highest common factor of 5 and c?
5
Suppose 0 = -2*x + m + 4, -3*m + 8 = x - 1. Suppose -x*v = -c + 21 - 0, 0 = -v + 3. Calculate the greatest common factor of c and 15.
15
Suppose -2*r = -3 - 1. Suppose r*x - 6*x = -140. What is the highest common divisor of 5 and x?
5
Let w(b) = -b**3 + b**2 + b + 2. Let n be w(2). Let o = -4 + 5. Let c be -19*(0 - (o + n)). Calculate the highest common factor of c and 171.
19
Let c = -9 + 14. Let j(h) = h**2 - 2*h - 3. Let m be j(c). What is the highest common divisor of m and 96?
12
Suppose 2*w - 63 = 3*q + 87, -4*w + 5*q = -298. What is the greatest common factor of w and 90?
18
Let q be 368/(-12)*6/4. Let n = 2 - q. Suppose -20 = -3*w - 3*p + 28, -2*w - p + 32 = 0. Calculate the greatest common factor of n and w.
16
Suppose 2*p = -2*p + 40. What is the greatest common divisor of 4 and p?
2
Let h(i) be the third derivative of -i**5/60 + 5*i**4/24 - i**2. Let a be h(4). Let q = a + -3. What is the highest common divisor of q and 7?
1
Let k = 7 + -4. Let j be (-22)/(-4)*(k - -7). Let m be 1/(-3) - (-134)/6. Calculate the highest common divisor of j and m.
11
Let v = 4 - -10. Suppose 0*a = -a + v. Let z = 6 + -4. What is the highest common factor of a and z?
2
Suppose -2*r = -3*h + 3 + 12, 0 = h + r. What is the greatest common factor of 24 and h?
3
Let k(o) = 3*o - 2. Let c be k(2). Suppose -a + c*a = 5*n - 435, -3*n + 2*a + 260 = 0. What is the highest common factor of 10 and n?
10
Suppose -4*u - 322 = 5*q, 4*q + 0*q + u = -262. Let k be q/(-9)*(-6)/(-4). Calculate the highest common factor of 22 and k.
11
Suppose k = -r + 1, 4*r + 0*r = -3*k - 2. Let x be 16/k - 2/3. Let u be 1*(-44)/x*-1. What is the greatest common divisor of u and 66?
22
Let j = 30 - 24. Calculate the highest common divisor of 30 and j.
6
Let a(k) = 7*k - 3. Let h be a(3). Let n = 1 - -1. What is the greatest common factor of h and n?
2
Suppose -2*v + 531 = 5*o, -5*v + 217 = 2*o - 8. Suppose 3*f + j - 6*j - o = 0, -75 = -3*f - 5*j. Calculate the greatest common divisor of 6 and f.
6
Let f(r) be the second derivative of 2*r**3 + 4*r. Let j be f(9). Calculate the highest common divisor of 12 and j.
12
Suppose a = -3*y + 20, 2*a = -a + 2*y + 16. What is the greatest common divisor of 20 and a?
4
Let u(p) = -177*p - 1. Let z be u(-1). What is the highest common divisor of z and 16?
16
Let f(x) = 25*x - 6. Let u be f(6). Calculate the greatest common factor of 18 and u.
18
Let l = -150 + 249. What is the highest common factor of l and 9?
9
Suppose 4*c + 0*h + 3*h = 63, -h + 5 = 0. Calculate the greatest common factor of c and 60.
12
Suppose 8*t = 208 + 80. Calculate the greatest common factor of t and 12.
12
Let z = 28 - 21. Calculate the greatest common factor of z and 35.
7
Let a = 36 + -12. What is the highest common divisor of 12 and a?
12
Suppose -4 - 2 = u - 3*r, 4*u - 3*r = 12. Let d be u/21 - 136/(-14). Calculate the highest common factor of 4 and d.
2
Suppose 11*a - 14*a = 3*n - 48, -61 = -4*a - 5*n. Suppose -91 = -c + f + f, c - f - 93 = 0. Calculate the greatest common factor of a and c.
19
Let s(i) = 5*i - 13. Let n be s(4). What is the greatest common divisor of 70 and n?
7
Let d(y) = y**3 + 2*y**2 + 4*y - 1. Suppose o - 2*k = -1, 4*o - 4*k - 6 = -2. Let n be d(o). What is the greatest common divisor of 7 and n?
7
Suppose -5*s - 20 = -215. Calculate the greatest common divisor of s and 13.
13
Let f(d) = 140*d**2 - 5*d - 5. Let l be f(-1). What is the greatest common divisor of l and 20?
20
Suppose 7*v - 2*v = -3*s + 14, -4*v + 16 = 4*s. What is the greatest common divisor of 15 and s?
3
Suppose 4*b + k = 22, -5*k = -b - b. Suppose -2*j + 3*j + 52 = 4*v, b*v - 4*j = 76. Calculate the greatest common factor of v and 96.
12
Let i = 68 - 50. Calculate the greatest common factor of i and 63.
9
Suppose -2*c = -0*z - 3*z - 147, -4*z + 229 = 3*c. Calculate the greatest common divisor of 15 and c.
15
Suppose 0 = f + 2*y + 2*y + 14, 2*y + 10 = f. Suppose -2*i + 18 = -2*q, -5*i + f*i + 7 = 2*q. What is the greatest common factor of 45 and i?
5
Suppose 4*m + 5*s - 235 = 0, -85 = -4*m + 4*s + 159. Calculate the greatest common divisor of m and 30.
30
Let b be 3/(6/4) - 0. Let o be (1 - -15)/1 - b. What is the highest common factor of 42 and o?
14
Let z(u) = u - 1. Suppose 8 + 15 = 2*k - 3*p, 3*k + 3*p = -3. Let j be z(k). Suppose j*w = -2*w + 40. What is the greatest common divisor of 2 and w?
2
Let x be (6/8)/((-1)/(-84)). What is the highest common factor of x and 42?
21
Suppose -s + 3 = 1. Suppose -32 = -4*i - 5*t, 2*i - 72 = -s*i + 5*t. Let n = -231 + 374. Calculate the highest common factor of i and n.
13
Let x be (-2 + -30)*(-3)/3. Suppose 6*i = 7*i + 5. Let t be i/(-15) + 239/3. Calculate the greatest common divisor of t and x.
16
Suppose 8 + 4 = 4*y. Let k = y + -5. Let x be (-3)/(-2) - 19/k. What is the greatest common divisor of x and 11?
11
Let f be (-16 - 0) + 1 + 0. Let a be (-1)/1 - -1 - f. Calculate the greatest common divisor of a and 3.
3
Let c = -16 - -28. Calculate the highest common factor of 48 and c.
12
Let u(l) = 23*l**2 - l. Let i be u(1). Suppose 0 = s + 4*b - 235 + 39, -4*s + 3*b + 689 = 0. Calculate the greatest common factor of s and i.
22
Let u(n) = -107*n**3 + 2*n**2 + n. Let f be u(-1). Suppose -2*i = 3*o - 0*i - 40, -3*o + 2*i = -32. What is the highest common factor of o and f?
12
Let f(q) = q**2 - 5*q + 6. Let l be f(5). Calculate the greatest common factor of 30 and l.
6
Let a be ((-1)/2)/(3/(-396)). Suppose -4*o + 96 = 12*o. Calculate the highest common factor of o and a.
6
Let i be (3 + -1)*(-1 - -4). Let y be (-135)/6*i/(-3). What is the highest common divisor of y and 30?
15
Suppose 2*d - 4*u - 52 = -3*d, -5*d - u = -62. What is the greatest common divisor of 4 and d?
4
Let f be -3 + 4 + 2/1. Suppose 0*i = f*i + 420. Let s = -98 - i. Calculate the greatest common divisor of 28 and s.
14
Let s be (1 - 33)*16/(-32). Calculate the greatest common divisor of s and 16.
16
Suppose 9 = 2*o + 1, 4*r - 2*o - 256 = 0. What is the greatest common factor of 22 and r?
22
Let r(v) = v**2 + 4*v - 10. Let n be r(-6). Suppose 0 = n*y - 4*w - 18, 0 = -2*y + 2*w - w + 6. What is the greatest common factor of 11 and y?
1
Let b(w) = w**3 - w + 2. Let x be b(2). Let r(j) = j + 19. Let t be r(-11). What is the greatest common divisor of x and t?
8
Let b be 8/44 + (-64)/(-11). Suppose 6*n = 2*n + 192. Calculate the greatest common divisor of n and b.
6
Let r be ((-18)/15)/((-4)/10). Let c be 1/3*r + -100. Let t = 220 + c. What is the highest common divisor of 11 and t?
11
Suppose -w - 12 = -2*r, -5*r + 27 = -w - w. Let s be (3/w)/((-1)/(-26)). Let d be 2 + s/((-3)/3). Calculate the greatest common divisor of d and 15.
15
Suppose v - 305 = -3*v - q, -v + 50 = -5*q. Let u be 2/(-12) - v/(-18). What is the greatest common divisor of u and 10?
2
Suppose -4*o = 2*w, -2*w = -3*o + 2 + 12. Let s be ((-18)/21)/(o/(-28)). Calculate the highest common divisor of 3 and s.
3
Suppose 1 = 3*h - 17. Let k(m) = 4*m - 2. Suppose -1 = r - 3. Let f be k(r). Calculate the greatest common factor of h and f.
6
Let c = 68 + -43. Let h = c + -15. Let v(m) = 5*m. Let n be v(1). Calculate the greatest common divisor of n and h.
5
Let l be ((-3)/(-9))/((-3)/(-27)). Suppose 5*k - 32 = 18. Suppose -l*o + k = -17. What is the greatest common factor of o and 6?
3
Let h = 1 - -4. What is the highest common divisor of 5 and h?
5
Suppose 3*l + 6 = 15. Calculate the highest common factor of 27 and l.
3
Let i = -7 + 124. Suppose 5*c = i + 8. Calculate the greatest common factor of c and 10.
5
Let i be 3 - ((-4 - -2) + 2/1). What is the greatest common divisor of 1 and i?
1
Suppose -c = -4*c + 6. Let j be (c/(-4))/((-1)/18). What is the highest common factor of j and 27?
9
Let k be ((-2)/((-6)/(-9)))/(-1). Let o be 3/(-15) - (-38)/(-10). Let b = 28 + o. Calculate the highest common divisor of b and k.
3
Let n(z) = z**2 - 5*z - 10. Let q be 5/2*(-98)/(-35). Let d 